{"id":19,"date":"2018-06-13T11:58:22","date_gmt":"2018-06-13T09:58:22","guid":{"rendered":"http:\/\/carreau-mayence.de\/?page_id=19"},"modified":"2026-03-30T17:34:22","modified_gmt":"2026-03-30T15:34:22","slug":"kontakt","status":"publish","type":"page","link":"https:\/\/carreau-mayence.de\/?page_id=19","title":{"rendered":"Kontakt \/ Impressum"},"content":{"rendered":"<p><em>[Foto folgen]<\/em><\/p>\n<p><strong>Ihre Ansprechpartner*innen im PCCM<\/strong><br \/>(Stand Januar 2023<\/p>\n<ul>\n<li>1. Vorsitzende und Ligabeauftragte: Beate Franken<\/li>\n<li>2. Vorsitzende Elke Nagel<\/li>\n<\/ul>\n<p>&#8212;&#8212;&#8212;&#8212;&#8212;&#8212;&#8212;&#8212;&#8212;&#8212;&#8212;&#8212;&#8212;&#8212;&#8212;&#8212;&#8212;&#8212;&#8212;&#8212;&#8212;&#8212;&#8212;&#8212;&#8212;&#8212;&#8212;&#8212;&#8212;&#8212;&#8211;<br \/><span style=\"color: #ffffff;\">..\u2026 <\/span><span style=\"color: #000000;\">1. Beisitzerin und <\/span>Kassenwartin: Antje Adams<\/p>\n<p><span style=\"color: #ffffff;\">..\u2026 <\/span>2. Beisitzer und Sportwart: Charles Franck<\/p>\n<p>\u00a0 \u00a0 \u00a03. Beisitzer und Platzwart:\u00a0 Gerhard Scherer<\/p>\n<p><span style=\"color: #ffffff;\">&#8230;.<\/span><\/p>\n<p>Kontaktieren Sie uns, wenn Sie Interesse an unserem Verein haben, sei es als Boule-Interessierte, als aktive Spieler*innen oder wenn Sie uns durch Sponsoring oder eine F\u00f6rdermitgliedschaft unterst\u00fctzen wollen. \u00dcber Ihr Interesse als Journalist*in oder als sportpolitische Vertreter*in freuen wir uns ebenfalls.<\/p>\n<p><a href=\"mailto:kontakt@carreau-mayence.de\" target=\"_blank\" rel=\"noopener noreferrer\">kontakt(at)carreau-mayence.de<\/a><\/p>\n<p>oder direkt an den Vorstand<\/p>\n<p>vorstand(at)carreau-mayence.de <a href=\"mailto:vorstand@carreau-mayence.de\">mailto:vorstand@carreau-mayence.de<\/a><\/p>\n<p>Bei Problemen mit der Website schreiben Sie bitte an<\/p>\n<p><a href=\"mailto:webmaster@carreau-mayence.de\" target=\"_blank\" rel=\"noopener noreferrer\">webmaster@carreau-mayence.de<\/a><\/p>\n<p><strong>Impressumvorstand@carreau-mayence.de<\/strong><br \/>Angaben gem\u00e4\u00df \u00a7 5 TMG<br \/>PCCM P\u00e9tanque Club Carreau Mayence e.V.<br \/>Vogelsbergstra\u00dfe 1<br \/>55129 Mainz<br \/>Vereinsregister: VR 3052<br \/>Registergericht: Amtsgericht Mainz<\/p>\n<p>Vertreten durch den Vorstand:<br \/>Beate Franken<br \/>Kontakt<br \/>Telefon: +496131&#8230;&#8230;.<br \/>E-Mail: <a href=\"mailto:kontakt@carreau-mayence.de\" target=\"_blank\" rel=\"noopener noreferrer\">kontakt@carreau-mayence.de<\/a><\/p>\n<p>Bankverbindung:\u00a0 \u00a0 \u00a0 \u00a0<span style=\"font-size: inherit;\">Mainzer Volksbank\u00a0 |\u00a0 DE14 5519 0000 0360 5180 13\u00a0 |\u00a0 \u00a0MVBMDE55<\/span><\/p>\n<p>&#8212;&#8212;&#8212;&#8212;&#8212;&#8212;&#8212;&#8212;&#8212;&#8212;&#8212;&#8212;&#8212;&#8212;&#8212;&#8212;&#8212;&#8212;&#8212;&#8212;&#8212;&#8212;&#8212;&#8212;&#8212;&#8212;&#8212;&#8212;&#8212;&#8212;&#8212;&#8212;&#8212;&#8212;&#8212;&#8212;&#8212;&#8211;<br \/>Wir sind nicht bereit oder verpflichtet, an Streitbeilegungsverfahren vor einer Verbraucherschlichtungsstelle teilzunehmen.<br \/>Quelle:<br \/>e-recht24.de<\/p>\n\n\n<p><\/p>\n","protected":false},"excerpt":{"rendered":"<p>[Foto folgen] Ihre Ansprechpartner*innen im PCCM(Stand Januar 2023 1. Vorsitzende und Ligabeauftragte: Beate Franken 2. Vorsitzende Elke Nagel &#8212;&#8212;&#8212;&#8212;&#8212;&#8212;&#8212;&#8212;&#8212;&#8212;&#8212;&#8212;&#8212;&#8212;&#8212;&#8212;&#8212;&#8212;&#8212;&#8212;&#8212;&#8212;&#8212;&#8212;&#8212;&#8212;&#8212;&#8212;&#8212;&#8212;&#8211;..\u2026 1. Beisitzerin und Kassenwartin: Antje Adams ..\u2026 2. Beisitzer und Sportwart:&hellip;<\/p>\n","protected":false},"author":8,"featured_media":0,"parent":0,"menu_order":0,"comment_status":"closed","ping_status":"closed","template":"","meta":{"_bbp_topic_count":0,"_bbp_reply_count":0,"_bbp_total_topic_count":0,"_bbp_total_reply_count":0,"_bbp_voice_count":0,"_bbp_anonymous_reply_count":0,"_bbp_topic_count_hidden":0,"_bbp_reply_count_hidden":0,"_bbp_forum_subforum_count":0,"footnotes":""},"class_list":["post-19","page","type-page","status-publish","hentry"],"jetpack_sharing_enabled":true,"_links":{"self":[{"href":"https:\/\/carreau-mayence.de\/index.php?rest_route=\/wp\/v2\/pages\/19","targetHints":{"allow":["GET"]}}],"collection":[{"href":"https:\/\/carreau-mayence.de\/index.php?rest_route=\/wp\/v2\/pages"}],"about":[{"href":"https:\/\/carreau-mayence.de\/index.php?rest_route=\/wp\/v2\/types\/page"}],"author":[{"embeddable":true,"href":"https:\/\/carreau-mayence.de\/index.php?rest_route=\/wp\/v2\/users\/8"}],"replies":[{"embeddable":true,"href":"https:\/\/carreau-mayence.de\/index.php?rest_route=%2Fwp%2Fv2%2Fcomments&post=19"}],"version-history":[{"count":28,"href":"https:\/\/carreau-mayence.de\/index.php?rest_route=\/wp\/v2\/pages\/19\/revisions"}],"predecessor-version":[{"id":4243,"href":"https:\/\/carreau-mayence.de\/index.php?rest_route=\/wp\/v2\/pages\/19\/revisions\/4243"}],"wp:attachment":[{"href":"https:\/\/carreau-mayence.de\/index.php?rest_route=%2Fwp%2Fv2%2Fmedia&parent=19"}],"curies":[{"name":"wp","href":"https:\/\/api.w.org\/{rel}","templated":true}]}}

<p><em>[Foto folgen]</em></p>
<p><strong>Ihre Ansprechpartner*innen im PCCM</strong><br />(Stand Januar 2023</p>
<ul>
<li>1. Vorsitzende und Ligabeauftragte: Beate Franken</li>
<li>2. Vorsitzende Elke Nagel</li>
</ul>
<p>&#8212;&#8212;&#8212;&#8212;&#8212;&#8212;&#8212;&#8212;&#8212;&#8212;&#8212;&#8212;&#8212;&#8212;&#8212;&#8212;&#8212;&#8212;&#8212;&#8212;&#8212;&#8212;&#8212;&#8212;&#8212;&#8212;&#8212;&#8212;&#8212;&#8212;&#8211;<br /><span style="color: #ffffff;">..… </span><span style="color: #000000;">1. Beisitzerin und </span>Kassenwartin: Antje Adams</p>
<p><span style="color: #ffffff;">..… </span>2. Beisitzer und Sportwart: Charles Franck</p>
<p>     3. Beisitzer und Platzwart:  Gerhard Scherer</p>
<p><span style="color: #ffffff;">&#8230;.</span></p>
<p>Kontaktieren Sie uns, wenn Sie Interesse an unserem Verein haben, sei es als Boule-Interessierte, als aktive Spieler*innen oder wenn Sie uns durch Sponsoring oder eine Fördermitgliedschaft unterstützen wollen. Über Ihr Interesse als Journalist*in oder als sportpolitische Vertreter*in freuen wir uns ebenfalls.</p>
<p><a href="mailto:kontakt@carreau-mayence.de" target="_blank" rel="noopener noreferrer">kontakt(at)carreau-mayence.de</a></p>
<p>oder direkt an den Vorstand</p>
<p>vorstand(at)carreau-mayence.de <a href="mailto:vorstand@carreau-mayence.de">mailto:vorstand@carreau-mayence.de</a></p>
<p>Bei Problemen mit der Website schreiben Sie bitte an</p>
<p><a href="mailto:webmaster@carreau-mayence.de" target="_blank" rel="noopener noreferrer">webmaster@carreau-mayence.de</a></p>
<p><strong>Impressumvorstand@carreau-mayence.de</strong><br />Angaben gemäß § 5 TMG<br />PCCM Pétanque Club Carreau Mayence e.V.<br />Vogelsbergstraße 1<br />55129 Mainz<br />Vereinsregister: VR 3052<br />Registergericht: Amtsgericht Mainz</p>
<p>Vertreten durch den Vorstand:<br />Beate Franken<br />Kontakt<br />Telefon: +496131&#8230;&#8230;.<br />E-Mail: <a href="mailto:kontakt@carreau-mayence.de" target="_blank" rel="noopener noreferrer">kontakt@carreau-mayence.de</a></p>
<p>Bankverbindung:       <span style="font-size: inherit;">Mainzer Volksbank  |  DE14 5519 0000 0360 5180 13  |   MVBMDE55</span></p>
<p>&#8212;&#8212;&#8212;&#8212;&#8212;&#8212;&#8212;&#8212;&#8212;&#8212;&#8212;&#8212;&#8212;&#8212;&#8212;&#8212;&#8212;&#8212;&#8212;&#8212;&#8212;&#8212;&#8212;&#8212;&#8212;&#8212;&#8212;&#8212;&#8212;&#8212;&#8212;&#8212;&#8212;&#8212;&#8212;&#8212;&#8212;&#8211;<br />Wir sind nicht bereit oder verpflichtet, an Streitbeilegungsverfahren vor einer Verbraucherschlichtungsstelle teilzunehmen.<br />Quelle:<br />e-recht24.de</p>


<p></p>
